ctors of c.
2, 3
Let t(k) = k**2 + 9*k + 3. Let o be t(-9). Suppose 5*g - o*p - 29 = 0, -5*g - 2*p = 3*p - 45. What are the prime factors of g?
7
Let m(p) = p + 14. Let l be m(-9). Let u = l - -4. What are the prime factors of u?
3
Let w(l) = -5*l + 3. Let d(h) = -h**2 + 2*h + 2. Let x(m) = -3*m**2 + 7*m + 5. Let i(a) = 8*d(a) - 3*x(a). Let t be i(4). What are the prime factors of w(t)?
2, 3
Suppose -81 = -3*t + 69. List the prime factors of t.
2, 5
Suppose -2*a - 10 + 0 = 0, -23 = u + 5*a. Suppose 2*p + 14 = -u*g, -6*g = -2*g + p + 13. What are the prime factors of (g - -4) + (-1 - -2)?
3
Suppose 4*s - 480 = -2*j, 5*s - 600 = -3*j + 6*j. What are the prime factors of s?
2, 3, 5
Let j(v) = v**3 - 2*v**2 + 3*v - 4. Let m be j(3). Let i = m - -18. Suppose -i - 1 = -3*r. What are the prime factors of r?
11
Let u = -44 + 88. List the prime factors of u.
2, 11
Let r be 1/3 - 32/(-12). Suppose 4 = r*g - 4*g, -3*x = -3*g + 87. List the prime factors of (-1)/(3 + 102/x).
11
Suppose 0 = w + 2*f - 21, -5*f = -2*w - 3*f + 42. Let v = w - 12. What are the prime factors of v?
3
Let s be 33/(-4)*(0 + -4). Suppose 0*l + 3*l + 39 = 0. Let b = l + s. What are the prime factors of b?
2, 5
Suppose -5*g = 25, -5*r + 4*g + 1255 = 150. List the prime factors of r.
7, 31
Let a(m) = -m**2 + 5*m + 71. What are the prime factors of a(0)?
71
List the prime factors of 0 + (-4 + 8 - -36).
2, 5
Let j be (-155)/(-2) + 1/2. Let s = -53 + j. Suppose -2*n = 3*c - 22, 3*n - s = 2*c + 21. What are the prime factors of n?
2, 7
Suppose -5 = 3*m - 4*q, -2*q - 31 = 5*m - 3*q. Let b = 5 + m. Let s(l) = 6*l**2 + 3*l. What are the prime factors of s(b)?
2, 3
Let x(n) = n**3 + 10*n**2 + 9*n + 14. List the prime factors of x(-7).
2, 7
Let w = -103 + 176. What are the prime factors of w?
73
Let t = 97 + 88. What are the prime factors of t?
5, 37
Suppose -12*q = -569 - 307. What are the prime factors of q?
73
Suppose -6 = -2*r, 3*r = -l - 2*r + 19. Let c be l + (-2 - -3 - 2). Suppose 0*k - i - 59 = -5*k, c*k - 45 = 3*i. What are the prime factors of k?
11
Suppose -34*o - 2450 = -44*o. What are the prime factors of o?
5, 7
Let o(f) = -f**2 - 14*f - 9. Let m be o(-13). Suppose 0 = 3*a - 5 - m. Let w = a + 8. What are the prime factors of w?
11
Suppose w - 6 = 5*r - 57, 0 = -2*r + 10. Let o = w + 38. List the prime factors of (1 - 2) + 1 + o.
2, 3
Let v be ((-500)/15)/(2/(-6)). Suppose 30 = -2*s + v. List the prime factors of s.
5, 7
List the prime factors of 1/2*(117 - -5) - 3.
2, 29
Let p = -57 - -112. List the prime factors of p.
5, 11
Suppose -5*v = -2*v - 111. Let r = -22 + v. List the prime factors of r.
3, 5
Let f(m) = 23*m**3 + 3*m**2 - m + 1. Let j be f(2). Suppose 2*l = 7*l - j. List the prime factors of l.
3, 13
Suppose -6*k = -689 - 253. List the prime factors of k.
157
Let c = -164 + 304. List the prime factors of c.
2, 5, 7
Let u = 1 - -1. Suppose -q + 36 = u*q. Let z = q - 2. What are the prime factors of z?
2, 5
Suppose 315 = 7*b - 2*b. List the prime factors of b.
3, 7
Let c(a) = a**3 + 6*a**2 + 4*a + 3. Let n be c(-5). Suppose b + b + n = 0. List the prime factors of ((-3)/(-4))/(b/(-96)).
2, 3
Let x = -59 - -63. What are the prime factors of x?
2
Let m = -5 + 8. Suppose 4*f - 6 = 3*c - c, -7 = -4*f + 3*c. Suppose 34 = m*y + f. List the prime factors of y.
11
Let d(t) = 6*t**2 + 4*t + 5. List the prime factors of d(-4).
5, 17
Let n = -27 - -76. List the prime factors of n.
7
Suppose 3*k = 6 - 0. Suppose k*f + 2*p - 8 = -0*f, -4*f = -4*p. List the prime factors of f.
2
Suppose -151 = -4*g - 2*r + 3*r, 5*r = 4*g - 163. Suppose g = 3*k - 5*i, 2*i - 54 + 13 = -5*k. What are the prime factors of k?
3
Let b be 2/3*(-1 + 46). Let o = b + -5. Let s = o + -15. List the prime factors of s.
2, 5
Let o be (-3 + 1)*(2 - 7). Suppose -r = 2*r - 6. Let p = o + r. List the prime factors of p.
2, 3
Let g = 45 + -36. What are the prime factors of g?
3
Suppose 0*w - 281 = -2*w - r, -3*w + 418 = 5*r. List the prime factors of w.
3, 47
Suppose -4*o + s + 227 = 0, 2*s + 1 = 3*s. List the prime factors of o.
3, 19
Let h(y) = 4*y - 30. What are the prime factors of h(19)?
2, 23
Let u(h) = -27*h + 4. Let d be u(-4). Let z be (-2)/(-2 + d/58). Suppose -z = -5*k - 4. What are the prime factors of k?
5
Let i = -16 - -34. Suppose i = t + t. List the prime factors of t.
3
Suppose -2*r = 4*z + 46, 2*r - 3*z + 1 = -10. Let m = 13 - r. Let n = m - 13. What are the prime factors of n?
13
Suppose j = -9 + 1. Let z be 10/(-4)*(-196)/35. Let x = z + j. What are the prime factors of x?
2, 3
Let b be (-4)/6 - 11/(-3). Suppose 0*c = 4*o - b*c - 69, -o + 1 = -4*c. List the prime factors of o.
3, 7
Suppose 3*f + 36 = f - 3*q, 0 = 3*f - 5*q + 16. Let b = -10 - f. List the prime factors of 6 - (-3 + b - -3).
2
Let i be (2 - 4) + (2 - 0). Suppose -3*x = k - 2, i = -0*x + 3*x - 4*k + 8. Suppose x = -4*m + c + 33, 0 = -2*m + 5*c - 3 + 6. What are the prime factors of m?
3
Let n = -118 - -254. List the prime factors of n.
2, 17
Let q = 60 + -32. Let c = 7 - 4. Suppose 0 = -c*m - m + q. List the prime factors of m.
7
Let g(a) be the third derivative of 17*a**5/60 - a**3/6 - 3*a**2. What are the prime factors of g(1)?
2
Suppose 5*t + 84 = 11*t. What are the prime factors of t?
2, 7
Let c(u) be the second derivative of u**5/20 - u**3/6 + u**2 + 4*u. What are the prime factors of c(2)?
2
Suppose 0 = -3*u + 7*u - 96. Suppose -u = 4*s + 2*p, -s + 0*s - 4*p = 13. Let i(x) = x**3 + 4*x**2 - 7*x. List the prime factors of i(s).
2, 5
Let t be (-6 - -10)*(-10)/(-8). Let y(h) = 11 - 11*h**2 - 7*h - 1 + h**3 + t*h**2. List the prime factors of y(7).
2, 5
Let r = 3 - 2. Suppose 0 = -o - 4*d - 1 - r, 0 = -o + 5*d + 16. What are the prime factors of o?
2, 3
Let o(w) = 13*w**2 + 4*w + 12. What are the prime factors of o(-3)?
3, 13
Let b = -7 - -7. Suppose -h + 4 + 2 = b. What are the prime factors of h?
2, 3
Let r be (1 + 11)*(-1 + 0). Let n be (22/(-6))/((-2)/r). Let y = 32 + n. What are the prime factors of y?
2, 5
Let m = -112 - -167. List the prime factors of m.
5, 11
Suppose -3 = -2*v + 5*f, 0*v + 2*f = -5*v - 36. Let s(x) = -8*x - x**2 - 4 + 0 + 0. What are the prime factors of s(v)?
2
List the prime factors of 24*(-2)/(-4) - 0.
2, 3
Suppose 2*k - 3*k = -46. List the prime factors of k.
2, 23
Suppose -2*l + 5*l - 18 = 0. Suppose -l*c = -5*c - 3. List the prime factors of c.
3
Let j(y) = -5*y - 1. Let i be j(-2). Let u(v) = -7*v - 1. Let k be u(-1). List the prime factors of (i/k)/((-3)/(-4)).
2
Suppose 0 = -6*h + 3*h + 105. List the prime factors of h.
5, 7
Suppose 49 + 44 = 3*p. Suppose -3*i + 127 = p. List the prime factors of ((-6)/4)/((-12)/i).
2
Suppose 0 = -r + g - 10 - 0, 5*r + 2*g + 22 = 0. Let w(t) = -5*t - 2*t**2 + 5 + t**2 + 3. What are the prime factors of w(r)?
2
Let i(n) = 27*n**2 - n - 1. Let g be i(-1). Let w = g - 16. What are the prime factors of w?
11
Suppose -3*n + 4*c = -131, 5*n - 2*c = 3*c + 210. What are the prime factors of n?
37
What are the prime factors of 668/9 + 38/(-171)?
2, 37
What are the prime factors of (-2 - -14*1) + -1?
11
Let r(l) = 4*l**2 - 2*l - 1. List the prime factors of r(2).
11
Let f(v) = -31*v**2 - 2*v + 1. Let g be f(1). What are the prime factors of 1 - g - (-3 + 3)?
3, 11
Let q be (-10)/(-4) + (-3)/6. Suppose 0*g + 4*g - 4 = -2*v, -2*v + g = -9. Suppose q*m = v*m - 8. List the prime factors of m.
2
Let b(p) = -p**2 + 10*p + 11. Let o be b(11). What are the prime factors of 3 + (o/(-2))/4?
3
What are the prime factors of (-126)/(-35) - 4/(-10)?
2
Suppose 25*l - 21*l = 684. List the prime factors of l.
3, 19
Suppose -5*b + 235 = -0*b. What are the prime factors of b?
47
Let k(y) = 2*y**2 - 5*y + 4. What are the prime factors of k(5)?
29
Suppose 3*d - 664 = 4*v, -d - v = -3*d + 441. What are the prime factors of d?
2, 5, 11
Let b = -13 + 6. List the prime factors of 243/7 - 2/b.
5, 7
List the prime factors of -10*2/4*-3.
3, 5
Let n(z) = -4*z - 6. Let g(p) = -p - 3. Let h be g(5). What are the prime factors of n(h)?
2, 13
What are the prime factors of (-3042)/(-33) + 2/(-11)?
2, 23
Let h(u) = 3*u + 10. Let r be h(-5). Let l be 1*-1 - (-4)/(-2). Let s = l - r. List the prime factors of s.
2
Suppose d = 3*d - 8. Suppose -3*p + 59 = d*r, 5*p + 5*r - 4*r - 87 = 0. List the prime factors o